4*j = j + 9. Calculate the greatest common divisor of j and 6.
3
Let j(l) = -27*l + 37. Let d(a) = -40*a + 56. Let c(u) = 5*d(u) - 8*j(u). Let o be c(7). Calculate the greatest common factor of 12 and o.
12
Let a(p) = -p**3 + p**2 - 1. Let w be a(0). Suppose -5 = -x + r, 10 + 15 = 3*x + 2*r. Let n = x + w. Calculate the greatest common divisor of 6 and n.
6
Suppose -3*y + 8*y = 0, -3*t - 2*y = -165. Calculate the greatest common divisor of 5 and t.
5
Suppose 57 - 9 = 3*z. What is the greatest common divisor of 40 and z?
8
Let o(b) = b + 2. Let c be o(5). Suppose c*l + 3*f - 87 = 4*l, 93 = 3*l - 3*f. Calculate the greatest common factor of 6 and l.
6
Let k = -1 - -4. Suppose -4*r + 32 = k*u, 0 = 3*r + u - 19. What is the highest common divisor of 5 and r?
5
Let l be ((-39)/(-9) + 5)*3. Calculate the greatest common factor of l and 196.
28
Let l = -111 + 135. Calculate the greatest common factor of l and 8.
8
Let w be (-4)/(-22) + (-1032)/(-132). Suppose f + 103 = 5*r, 5*r = 2*r + 4*f + 72. What is the highest common factor of w and r?
4
Suppose -3*q + 8*q - 4*c = 117, -q + c = -24. What is the highest common factor of q and 231?
21
Suppose 5*o + 5*q = 50, -3*q + 0*q - 5 = -2*o. What is the greatest common factor of 56 and o?
7
Let i(c) = c**2 - 14*c + 2. Let f be i(14). Calculate the highest common divisor of f and 6.
2
Suppose -4*o = -3*o - 30. Calculate the greatest common divisor of o and 75.
15
Let a be -3 + -3 + 5 + 46. What is the greatest common factor of a and 135?
45
Let f = 0 + 0. Suppose -3*v - 2*j + 126 = 0, -2*v - 3*v + 3*j + 210 = f. Suppose -2 + v = 2*t. Calculate the greatest common factor of 30 and t.
10
Let h(t) = -t**3 + 12*t**2 + 15*t - 15. Let q be h(13). What is the highest common factor of q and 55?
11
Let z(w) = 5 - 19*w**3 - 5*w**3 - 4. Let y be z(-2). Suppose -3*t + y = -77. Calculate the greatest common factor of 10 and t.
10
Suppose -240 = i - 6*i. Let p be (-2)/4 - 715/(-22). Calculate the greatest common factor of p and i.
16
Suppose -4*f = -3*y - 1485, -y = -4*f - 0*y + 1479. What is the highest common factor of f and 41?
41
Suppose 6 + 5 = o. What is the highest common factor of o and 77?
11
Suppose -495 = -0*l - 5*l. Let p = 9 - 8. Let r = 10 - p. Calculate the greatest common divisor of r and l.
9
Suppose 0 = -7*x + 3*x + 160. Let y(g) = -g**2 - 9*g - 10. Let c be y(-6). What is the greatest common divisor of c and x?
8
Let j = -6 - -13. Let r = -3 + j. Suppose r*n - 3*n + 1 = -2*z, -z - 17 = -5*n. Calculate the greatest common divisor of 27 and n.
3
Suppose 4*c + 5*u = 69, -5*u = 2*c - 8*u - 51. What is the highest common divisor of c and 7?
7
Suppose -2*n = -3*n + 4. Calculate the highest common divisor of n and 2.
2
Let g(p) be the third derivative of -1/12*p**6 - 2*p**2 + 0*p**3 + 0*p + 0*p**5 - 1/24*p**4 + 0. Let o be g(-1). What is the highest common factor of 1 and o?
1
Suppose -3*m + 60 = m. Calculate the highest common divisor of m and 105.
15
Let q be (1/((-7)/12))/(12/(-42)). Suppose 3*i + 28 = 4*o - 5, 15 = 3*i. Calculate the highest common factor of o and q.
6
Suppose 6 = 5*a + 2*f - 85, 4*f = -2*a + 46. What is the highest common divisor of 51 and a?
17
Let t(a) = -a**2 + 19*a + 10 - 7 - 3*a. Let d be t(15). Calculate the greatest common divisor of d and 6.
6
Suppose 24*l = 28*l - 1248. Calculate the highest common factor of 39 and l.
39
Suppose -f + 23 = 16. Suppose 143 + 4 = 3*m. Calculate the greatest common divisor of m and f.
7
Let i = -44 - -76. What is the highest common divisor of i and 352?
32
Let i(a) = 2*a**2 - 5*a + 2. Let l be i(3). Let x be (2/(-5))/((-1)/5). Suppose 120 = x*b + b. What is the highest common factor of l and b?
5
Suppose 5*a - 348 - 372 = 0. Calculate the highest common divisor of 16 and a.
16
Suppose 3*g + 273 = -3*j, 5*j = -4*g - 0*j - 364. Let n = -58 - g. Let z be 1/(-4)*(459/(-9) - -7). Calculate the greatest common divisor of n and z.
11
Let i = 73 - 17. Calculate the greatest common divisor of 8 and i.
8
Suppose 8*u - 4*u = -4, -5*u = -4*h + 5. Suppose -2*w + h*w + 2*f = 16, -48 = 3*w + 5*f. Let i = w - -15. Calculate the greatest common factor of 36 and i.
4
Suppose 4*d - 503 = -c + 2*c, -d + 140 = -5*c. Let t = -47 - -97. Calculate the highest common factor of d and t.
25
Let s(h) = 16*h**2 - 4*h. Let f be s(1). What is the highest common divisor of f and 8?
4
Let i be (19 - 1)*(-4)/(-6). Suppose 4*d + 315 - 1175 = 0. Suppose 2*x - d - 1 = 0. Calculate the highest common divisor of i and x.
12
Let x = -4 - -12. Let d = 12 - x. Calculate the highest common factor of 4 and d.
4
Suppose 5*f = 3*s + 21, s - 6*s = 10. What is the greatest common factor of 3 and f?
3
Suppose 0 = -2*g + 4, -5*m + 520 + 242 = -4*g. Let w(h) = -5*h - 8. Let s = 19 - 25. Let z be w(s). Calculate the highest common divisor of m and z.
22
Suppose 2*k + 5*a - 36 = 0, 0 = 2*k + 4*a - 26 - 10. Calculate the greatest common factor of 162 and k.
18
Suppose -2*y - 5*d = -5*y + 138, 2*y - 5*d - 87 = 0. What is the greatest common factor of 17 and y?
17
Suppose 3*n = -w - 8, 0*w - 4*n + 4 = 5*w. What is the greatest common factor of 12 and w?
4
Suppose -16 = -2*o - 2*o. Suppose -4*a + 3*a = o*r, -5*a = 3*r - 51. What is the highest common factor of 48 and a?
12
Let w(c) = 18*c**3 - 3*c + 1. Let v be w(1). What is the greatest common divisor of 48 and v?
16
Suppose -2*t - 417 = -5*g + t, t - 169 = -2*g. Suppose -5*j + 54 + 51 = 0. Calculate the highest common divisor of j and g.
21
Let o be 1/((-21)/(-6) + -3). Suppose -5*r = -2*r - 5*u - 35, -o*u = 5*r - 110. What is the greatest common divisor of r and 10?
10
Let n = 8 - 3. Let j(l) = -l**3 + 4*l**2 + 8*l - 5. Let c be j(n). What is the highest common factor of c and 4?
2
Let y = 1 - -8. Suppose m = -4*n - 16 - 0, -n - 4 = -3*m. Suppose -2*q + 73 = g - m*q, -2*g + q = -121. Calculate the highest common factor of g and y.
9
Suppose -291 = -3*b + 3*a, 5*b = a - 5*a + 503. Suppose 4*c - 6*c + 22 = 0. Calculate the greatest common factor of b and c.
11
Suppose -162 - 13 = -5*x. Let d(c) = 3*c - 4. Suppose -5*a + 15 = -2*a - u, -a - 4*u + 18 = 0. Let b be d(a). What is the highest common divisor of x and b?
7
Suppose f = 2*v - 127, 4*v + 4*f = -v + 337. Calculate the highest common factor of 39 and v.
13
Let h be (-1)/(4/(-8)*1). Let i be 73/6 + h/(-12). What is the highest common factor of i and 8?
4
Let j = 8 + -4. Let a(m) = m**2 + 5. Let c be a(j). Calculate the greatest common factor of 3 and c.
3
Let s be 9*1/9*3 - -1. Suppose 5*y + r - 8 = 0, -3*y - 4*r - 5 + 3 = 0. Let o be 8 + 2/y + 1. Calculate the highest common divisor of o and s.
2
Let d = -4 + 6. Suppose 2*q = -d*q + 3*m + 96, -120 = -5*q - 3*m. Let t = -7 + 10. What is the greatest common divisor of t and q?
3
Let w = 101 + -59. Let j = -2 + w. Suppose f = 2*f - j. Calculate the highest common divisor of f and 10.
10
Suppose -2*i - j = -6*j - 171, 3*i - 263 = j. Suppose 5*s = 9*s - 32. Calculate the highest common divisor of i and s.
8
Let u(j) = 3*j - 3. Let v be u(2). Let i = 6 - v. Suppose -i*g + g + 16 = 2*z, -5*z + g + 40 = 0. What is the greatest common factor of 24 and z?
8
Let f = -2 - -8. Let o(l) = l**2 + 11. Let t be o(-7). Calculate the greatest common factor of f and t.
6
Suppose 2*s - z = -9, z - 2*z - 26 = 3*s. Let u = s + 12. Suppose -u*t = -5, -6*t = -2*m - 2*t + 28. What is the greatest common divisor of m and 40?
8
Let z = 1 + 0. Let p(s) = 6*s**3 - s**2 - s + 1. Let x be p(z). Suppose 4*w + x*y - 33 = 47, -20 = -w - 4*y. Calculate the highest common divisor of 4 and w.
4
Let s(j) = j**2 + 5*j + 1. Let x be s(-4). Let o be x/2*(-80)/12. Suppose -m - o = -73. Calculate the highest common divisor of m and 7.
7
Let o be 9/(0 + (-6)/(-52)). Calculate the greatest common factor of o and 52.
26
Let o = 20 + -19. What is the greatest common factor of 1 and o?
1
Suppose 21 = 4*l - 3. Let h be 3/4 - 33/(-4). What is the highest common factor of h and l?
3
Let k(b) = -22*b**3 + b + 1. Let i be k(-1). Let y(w) = 5*w - 12. Let m be y(9). Calculate the greatest common divisor of i and m.
11
Let b(k) = -k**2 - 16*k - 8. Let g be b(-6). Calculate the highest common factor of 78 and g.
26
Let q(x) be the first derivative of -2*x**2 + 3*x + 1 + 4*x**2 - 3*x**2. Let g be q(-9). 